{"id":384,"date":"2024-03-28T08:54:09","date_gmt":"2024-03-28T07:54:09","guid":{"rendered":"https:\/\/www.mocamonster.it\/test\/?page_id=384"},"modified":"2024-04-29T11:42:44","modified_gmt":"2024-04-29T09:42:44","slug":"pagina-menu","status":"publish","type":"page","link":"https:\/\/www.mocamonster.it\/test\/pagina-menu\/","title":{"rendered":"pagina menu"},"content":{"rendered":"<p>[et_pb_section fb_built=&#8221;1&#8243; _builder_version=&#8221;4.23.1&#8243; _module_preset=&#8221;default&#8221; background_image=&#8221;https:\/\/www.mocamonster.it\/test\/wp-content\/uploads\/2024\/03\/ristorante_harena.jpg&#8221; global_colors_info=&#8221;{}&#8221;][et_pb_row column_structure=&#8221;1_3,1_3,1_3&#8243; use_custom_gutter=&#8221;on&#8221; _builder_version=&#8221;4.23.1&#8243; _module_preset=&#8221;default&#8221; max_width=&#8221;2560px&#8221; custom_margin=&#8221;92px||||false|false&#8221; custom_padding=&#8221;13.7%||24.8%||false|false&#8221; global_colors_info=&#8221;{}&#8221;][et_pb_column type=&#8221;1_3&#8243; _builder_version=&#8221;4.23.1&#8243; _module_preset=&#8221;default&#8221; global_colors_info=&#8221;{}&#8221;][et_pb_text _builder_version=&#8221;4.23.1&#8243; _dynamic_attributes=&#8221;link_option_url&#8221; _module_preset=&#8221;default&#8221; text_font=&#8221;Montserrat|700||on|||||&#8221; text_text_color=&#8221;#FFFFFF&#8221; text_font_size=&#8221;30px&#8221; text_orientation=&#8221;center&#8221; link_option_url=&#8221;@ET-DC@eyJkeW5hbWljIjp0cnVlLCJjb250ZW50IjoicG9zdF9saW5rX3VybF9wYWdlIiwic2V0dGluZ3MiOnsicG9zdF9pZCI6IjM5NyJ9fQ==@&#8221; hover_enabled=&#8221;0&#8243; global_colors_info=&#8221;{}&#8221; sticky_enabled=&#8221;0&#8243; custom_margin_last_edited=&#8221;on|phone&#8221; custom_margin_phone=&#8221;140px||65px||false|false&#8221;]<\/p>\n<p>men\u00f9 dei cocktail<\/p>\n<p>[\/et_pb_text][\/et_pb_column][et_pb_column type=&#8221;1_3&#8243; _builder_version=&#8221;4.23.1&#8243; _module_preset=&#8221;default&#8221; global_colors_info=&#8221;{}&#8221;][et_pb_text _builder_version=&#8221;4.23.1&#8243; _dynamic_attributes=&#8221;link_option_url&#8221; _module_preset=&#8221;default&#8221; text_font=&#8221;Montserrat|700||on|||||&#8221; text_text_color=&#8221;#FFFFFF&#8221; text_font_size=&#8221;30px&#8221; text_orientation=&#8221;center&#8221; link_option_url=&#8221;@ET-DC@eyJkeW5hbWljIjp0cnVlLCJjb250ZW50IjoicG9zdF9saW5rX3VybF9wYWdlIiwic2V0dGluZ3MiOnsicG9zdF9pZCI6IjE3MiJ9fQ==@&#8221; hover_enabled=&#8221;0&#8243; global_colors_info=&#8221;{}&#8221; admin_label=&#8221;menu&#8221; sticky_enabled=&#8221;0&#8243;]<\/p>\n<p>men\u00f9<\/p>\n<p>&nbsp;<\/p>\n<p>[\/et_pb_text][\/et_pb_column][et_pb_column type=&#8221;1_3&#8243; _builder_version=&#8221;4.23.1&#8243; _module_preset=&#8221;default&#8221; global_colors_info=&#8221;{}&#8221;][et_pb_text _builder_version=&#8221;4.23.1&#8243; _dynamic_attributes=&#8221;link_option_url&#8221; _module_preset=&#8221;default&#8221; text_font=&#8221;Montserrat|700||on|||||&#8221; text_text_color=&#8221;#FFFFFF&#8221; text_font_size=&#8221;30px&#8221; text_orientation=&#8221;center&#8221; link_option_url=&#8221;@ET-DC@eyJkeW5hbWljIjp0cnVlLCJjb250ZW50IjoicG9zdF9saW5rX3VybF9wYWdlIiwic2V0dGluZ3MiOnsicG9zdF9pZCI6IjM5MSJ9fQ==@&#8221; hover_enabled=&#8221;0&#8243; global_colors_info=&#8221;{}&#8221; admin_label=&#8221;menu dessert&#8221; sticky_enabled=&#8221;0&#8243;]<\/p>\n<p>men\u00f9 dessert<\/p>\n<p>[\/et_pb_text][\/et_pb_column][\/et_pb_row][\/et_pb_section]<\/p>\n","protected":false},"excerpt":{"rendered":"<p>men\u00f9 dei cocktailmen\u00f9 &nbsp;men\u00f9 dessert<\/p>\n","protected":false},"author":1,"featured_media":0,"parent":0,"menu_order":0,"comment_status":"closed","ping_status":"closed","template":"","meta":{"_et_pb_use_builder":"on","_et_pb_old_content":"","_et_gb_content_width":"","footnotes":""},"class_list":["post-384","page","type-page","status-publish","hentry"],"yoast_head":"<!-- This site is optimized with the Yoast SEO plugin v22.6 - https:\/\/yoast.com\/wordpress\/plugins\/seo\/ -->\n<title>pagina menu - Harena<\/title>\n<meta name=\"robots\" content=\"noindex, follow, max-snippet:-1, max-image-preview:large, max-video-preview:-1\" \/>\n<meta property=\"og:locale\" content=\"it_IT\" \/>\n<meta property=\"og:type\" content=\"article\" \/>\n<meta property=\"og:title\" content=\"pagina menu - Harena\" \/>\n<meta property=\"og:description\" content=\"men\u00f9 dei cocktailmen\u00f9 &nbsp;men\u00f9 dessert\" \/>\n<meta property=\"og:url\" content=\"https:\/\/www.mocamonster.it\/test\/pagina-menu\/\" \/>\n<meta property=\"og:site_name\" content=\"Harena\" \/>\n<meta property=\"article:modified_time\" content=\"2024-04-29T09:42:44+00:00\" \/>\n<meta name=\"twitter:card\" content=\"summary_large_image\" \/>\n<meta name=\"twitter:label1\" content=\"Tempo di lettura stimato\" \/>\n\t<meta name=\"twitter:data1\" content=\"2 minuti\" \/>\n<script type=\"application\/ld+json\" class=\"yoast-schema-graph\">{\"@context\":\"https:\/\/schema.org\",\"@graph\":[{\"@type\":\"WebPage\",\"@id\":\"https:\/\/www.mocamonster.it\/test\/pagina-menu\/\",\"url\":\"https:\/\/www.mocamonster.it\/test\/pagina-menu\/\",\"name\":\"pagina menu - Harena\",\"isPartOf\":{\"@id\":\"https:\/\/www.mocamonster.it\/test\/#website\"},\"datePublished\":\"2024-03-28T07:54:09+00:00\",\"dateModified\":\"2024-04-29T09:42:44+00:00\",\"breadcrumb\":{\"@id\":\"https:\/\/www.mocamonster.it\/test\/pagina-menu\/#breadcrumb\"},\"inLanguage\":\"it-IT\",\"potentialAction\":[{\"@type\":\"ReadAction\",\"target\":[\"https:\/\/www.mocamonster.it\/test\/pagina-menu\/\"]}]},{\"@type\":\"BreadcrumbList\",\"@id\":\"https:\/\/www.mocamonster.it\/test\/pagina-menu\/#breadcrumb\",\"itemListElement\":[{\"@type\":\"ListItem\",\"position\":1,\"name\":\"Home\",\"item\":\"https:\/\/www.mocamonster.it\/test\/\"},{\"@type\":\"ListItem\",\"position\":2,\"name\":\"pagina menu\"}]},{\"@type\":\"WebSite\",\"@id\":\"https:\/\/www.mocamonster.it\/test\/#website\",\"url\":\"https:\/\/www.mocamonster.it\/test\/\",\"name\":\"Harena\",\"description\":\"Un&#039;infinit\u00e0 di sapori\",\"potentialAction\":[{\"@type\":\"SearchAction\",\"target\":{\"@type\":\"EntryPoint\",\"urlTemplate\":\"https:\/\/www.mocamonster.it\/test\/?s={search_term_string}\"},\"query-input\":\"required name=search_term_string\"}],\"inLanguage\":\"it-IT\"}]}<\/script>\n<!-- \/ Yoast SEO plugin. -->","yoast_head_json":{"title":"pagina menu - Harena","robots":{"index":"noindex","follow":"follow","max-snippet":"max-snippet:-1","max-image-preview":"max-image-preview:large","max-video-preview":"max-video-preview:-1"},"og_locale":"it_IT","og_type":"article","og_title":"pagina menu - Harena","og_description":"men\u00f9 dei cocktailmen\u00f9 &nbsp;men\u00f9 dessert","og_url":"https:\/\/www.mocamonster.it\/test\/pagina-menu\/","og_site_name":"Harena","article_modified_time":"2024-04-29T09:42:44+00:00","twitter_card":"summary_large_image","twitter_misc":{"Tempo di lettura stimato":"2 minuti"},"schema":{"@context":"https:\/\/schema.org","@graph":[{"@type":"WebPage","@id":"https:\/\/www.mocamonster.it\/test\/pagina-menu\/","url":"https:\/\/www.mocamonster.it\/test\/pagina-menu\/","name":"pagina menu - Harena","isPartOf":{"@id":"https:\/\/www.mocamonster.it\/test\/#website"},"datePublished":"2024-03-28T07:54:09+00:00","dateModified":"2024-04-29T09:42:44+00:00","breadcrumb":{"@id":"https:\/\/www.mocamonster.it\/test\/pagina-menu\/#breadcrumb"},"inLanguage":"it-IT","potentialAction":[{"@type":"ReadAction","target":["https:\/\/www.mocamonster.it\/test\/pagina-menu\/"]}]},{"@type":"BreadcrumbList","@id":"https:\/\/www.mocamonster.it\/test\/pagina-menu\/#breadcrumb","itemListElement":[{"@type":"ListItem","position":1,"name":"Home","item":"https:\/\/www.mocamonster.it\/test\/"},{"@type":"ListItem","position":2,"name":"pagina menu"}]},{"@type":"WebSite","@id":"https:\/\/www.mocamonster.it\/test\/#website","url":"https:\/\/www.mocamonster.it\/test\/","name":"Harena","description":"Un&#039;infinit\u00e0 di sapori","potentialAction":[{"@type":"SearchAction","target":{"@type":"EntryPoint","urlTemplate":"https:\/\/www.mocamonster.it\/test\/?s={search_term_string}"},"query-input":"required name=search_term_string"}],"inLanguage":"it-IT"}]}},"_links":{"self":[{"href":"https:\/\/www.mocamonster.it\/test\/wp-json\/wp\/v2\/pages\/384","targetHints":{"allow":["GET"]}}],"collection":[{"href":"https:\/\/www.mocamonster.it\/test\/wp-json\/wp\/v2\/pages"}],"about":[{"href":"https:\/\/www.mocamonster.it\/test\/wp-json\/wp\/v2\/types\/page"}],"author":[{"embeddable":true,"href":"https:\/\/www.mocamonster.it\/test\/wp-json\/wp\/v2\/users\/1"}],"replies":[{"embeddable":true,"href":"https:\/\/www.mocamonster.it\/test\/wp-json\/wp\/v2\/comments?post=384"}],"version-history":[{"count":6,"href":"https:\/\/www.mocamonster.it\/test\/wp-json\/wp\/v2\/pages\/384\/revisions"}],"predecessor-version":[{"id":529,"href":"https:\/\/www.mocamonster.it\/test\/wp-json\/wp\/v2\/pages\/384\/revisions\/529"}],"wp:attachment":[{"href":"https:\/\/www.mocamonster.it\/test\/wp-json\/wp\/v2\/media?parent=384"}],"curies":[{"name":"wp","href":"https:\/\/api.w.org\/{rel}","templated":true}]}}